mmon factor of n and 17876.
218
Let n(c) = -7*c**3 - 2*c**2 - 2*c - 1. Let g be n(-2). Let h = g + 9. Suppose -60 = -t - t. What is the greatest common factor of h and t?
30
Suppose 1183*l - 170*l + 2065*l = 193914. Suppose 0 = 3*o + 29 - 2. Let n = 18 + o. What is the highest common factor of l and n?
9
Suppose -2*n + 552 = -4*o, 0*o + 4*o = 20. Let w(x) = 5*x**2 - 28*x + 98. Let s be w(4). Calculate the greatest common factor of n and s.
22
Let l(z) = -285*z - 70. Let a be l(-6). Suppose 0 = 15*y - 56*y + a. What is the highest common divisor of y and 340?
20
Let n(x) = x**3 + 37*x**2 + x + 29. Let p be n(-37). Let u(s) = 3*s**2 - 22*s - 146. Let o be u(p). What is the greatest common factor of 296 and o?
74
Suppose -27039 = -56*h + 123265. What is the greatest common factor of h and 61?
61
Let v be (-10)/(-60)*(-24)/(-4)*13. Let t be -2 + 539 - (-91)/v. Calculate the greatest common divisor of 34 and t.
34
Let f = -1824 + 2823. What is the highest common divisor of f and 555?
111
Suppose -5*f + 11 + 9 = 5. Calculate the highest common divisor of f and 4296.
3
Let j(p) = 12*p**3 + p**2 - 3*p - 3. Let w be j(3). Let k = -211 + w. What is the greatest common divisor of 55 and k?
55
Suppose -13*t + 103 = -9*t - r, 4*t + 5*r = 133. What is the greatest common divisor of 6993 and t?
27
Let i be 2/16 - (-1581)/24. Suppose 3*j + 15 = 6. Let c(u) = u**2 - 3*u - 12. Let v be c(j). What is the highest common factor of v and i?
6
Let n be (188 + -2)*(-869)/(-33) + 4. Calculate the greatest common divisor of 215 and n.
43
Let k(x) = -x**3 + 10*x**2 + 20*x - 55. Suppose l - 3*l + 2*y = -26, 4*l - 38 = -3*y. Let h be k(l). Calculate the highest common factor of h and 308.
44
Let r be 0*(5 - 11)/(-6). Suppose o = -5 - r, -p + 184 = 5*o. What is the highest common divisor of 11 and p?
11
Suppose -5*a - 5*y + 1435 = 0, a - 5*y = -78 + 395. Let w = 331 - a. Calculate the highest common factor of w and 9.
3
Let z = 59 - 54. Let p be (-1 + 0)/(6/(-138)). Suppose -p = -5*n + 27. Calculate the greatest common factor of n and z.
5
Suppose -5*v = -4*v - 5. Let h(z) = 79*z**3 + 2*z**2 - 2. Let s be h(-1). Let u = -34 - s. Calculate the greatest common divisor of v and u.
5
Let a be ((-4)/(-5))/(50/19125). Calculate the greatest common divisor of 272 and a.
34
Suppose 3*r = -g + 11, 7*r - 4*r = 3. Let n be -770*(135/18 - g). Calculate the highest common divisor of n and 33.
11
Let j = 2951 - 1997. What is the highest common factor of 162 and j?
18
Let v = -184 - -188. Suppose -4*f + 5*p = -247, 3 = -p + v. What is the highest common factor of f and 42?
21
Let c(l) = 5*l**2 + l + 124. Let d be c(15). Let j = d - 427. What is the greatest common factor of j and 31?
31
Let b = -2449 - -2602. Calculate the highest common factor of b and 1496.
17
Suppose -7*b + 32*b = 11475. Calculate the greatest common factor of b and 7191.
153
Let f(d) = -d**2 - d + 5. Let t be f(-2). Suppose t*y + 5*i - 3*i - 1735 = 0, -3*i = y - 590. Calculate the greatest common factor of 25 and y.
25
Suppose -21*h = 11*h - 1216. Suppose 9*i - 13*i - 110 = -3*o, -4*o - 3*i + 155 = 0. Calculate the greatest common factor of h and o.
38
Let l = 4215 - 2970. What is the highest common factor of l and 6?
3
Let z = 1878 - 1067. Let m = -311 + z. Calculate the highest common divisor of m and 20.
20
Suppose 4*j - 8208 = -72*j. Let d be 1 + 3 + -2 - 2. Suppose -h - 3*h - 2*c + 290 = d, 4*c = 4*h - 284. Calculate the highest common divisor of h and j.
36
Suppose -438 - 1573 - 189 = -25*q. Calculate the greatest common factor of q and 1793.
11
Suppose -5*n + 141 + 130 = 2*x, 4*x + 200 = 4*n. Let t = n + 75. What is the highest common divisor of t and 48?
16
Suppose -7*o - 3*o = 8*o - 40356. What is the highest common divisor of o and 38?
38
Suppose 33*x - 19740 = -9*x. Calculate the greatest common factor of x and 517.
47
Let l = 3206 - 3204. Suppose -49 = -5*m - 4*p, 4*p = 1 + 3. What is the highest common divisor of m and l?
1
Let r be (-644)/(-24) + ((-172)/(-24) - 7). Let s = 10 - 4. Suppose -4*g - 216 = -s*g. Calculate the highest common factor of g and r.
27
Let n be 1/(1 + (-159)/162). Let s(i) = -i**3 + 129*i**2 - 3*i + 390. Let c be s(129). What is the highest common divisor of c and n?
3
Suppose 2*z = -15*z - 1921. Let a = 119 + z. Let u = -6 + 27. Calculate the greatest common divisor of a and u.
3
Let p be -1 - (-14 - 0)*1. Suppose -5710 = 35*o - 173*o - 328. What is the highest common factor of o and p?
13
Let m = -17662 + 18306. What is the highest common factor of m and 6164?
92
Let l(f) = -26*f**2 + f + 7. Let j(o) = -o. Let s(h) = -j(h) + l(h). Let d be s(-2). Let q be 2/(-11) - d/11. What is the greatest common factor of 63 and q?
9
Let x be 3 + (-3)/((-3)/14). Suppose 0 = -2*d + 700 + 388. Calculate the highest common factor of d and x.
17
Let h be ((-1)/(-7))/((-60)/(-3780)). Calculate the highest common divisor of h and 1503.
9
Let h be 116/1*(-3)/(-12). Let u be ((-11)/(-33))/((-2)/(-930)). Let w = 416 - u. Calculate the highest common factor of w and h.
29
Let z = 653 + -170. Calculate the highest common factor of z and 828.
69
Suppose -168 = 5839*s - 5895*s. Calculate the highest common divisor of 23 and s.
1
Let m be (-91 - 0 - 2) + -2. Suppose 3*c - 197 = -2*z, -30*c = -z - 31*c + 100. Let d = z + m. Calculate the highest common divisor of 56 and d.
8
Let y(x) = x**3 + 6*x**2 + 2*x + 85. Let p be y(-7). Calculate the highest common factor of 1903 and p.
11
Let s = 57 - 54. Let t(z) = z**s - 30 + 11*z**2 - 38*z - 38*z + 60*z. Let q be t(-12). Calculate the highest common factor of q and 63.
9
Suppose 103*s - 102*s - 5043 = -3*r, 3*r - 5025 = 5*s. What is the highest common divisor of r and 60?
60
Let q(r) = 2729*r + 1488. Let w be q(18). What is the highest common divisor of w and 241?
241
Let a(n) = -n**2 + 9*n + 204. Suppose 70 = 5*h - 5*p, 0 = 5*h - 4*p - 40 - 35. Let c be a(h). Calculate the greatest common divisor of c and 70.
14
Suppose 7*g + 313 = 1223. Suppose 9*l - 3*l = -48. Let t = l - -60. What is the highest common factor of g and t?
26
Suppose z = -1, -2*o + z = 5*z - 20. Suppose -3*y + 21 = -o. Let k = 14 - 13. What is the highest common factor of k and y?
1
Suppose -2*i + 35 = -5. Let m(b) be the second derivative of -31*b**3/6 + 27*b**2/2 - 58*b. Let g be m(-3). Calculate the highest common divisor of i and g.
20
Suppose 0 = y + v + 112, -135 - 281 = 4*y - 4*v. Let b = 232 - y. Calculate the highest common divisor of b and 20.
20
Let o = 13244 + -12494. What is the highest common factor of 480 and o?
30
Let l(a) = 37*a + 118. Let x be l(-1). Let k = 10 + -1. Let z be (0 - 18)/((-6)/k). What is the highest common factor of x and z?
27
Suppose -33*r - 1108 = -31*r. Let o = r + 558. Calculate the greatest common factor of o and 292.
4
Let h(k) = -4*k + 3*k - 12 + 4*k - 32. Let t(w) = 45*w**2 + 359*w + 7. Let a be t(-8). Let q be h(a). Calculate the highest common factor of q and 27.
1
Suppose 0 = -2*r - 4, 6*r = 3*u + 10*r - 379. Let z(l) = -l**3 + l**2 + 1. Let n be z(-1). What is the highest common divisor of u and n?
3
Let r(o) = -78*o + 1026. Let b be r(-14). What is the greatest common divisor of b and 6?
6
Let r(t) = t**3 - 3*t**2 - 4*t + 3. Let x be r(4). Suppose 5*a + 3*g - 48 = 5, 4*a + 61 = 7*g. Calculate the highest common divisor of a and x.
1
Let k be 548/3 - (-4)/(-9)*-3. Suppose -3*l + 110 = -k. Suppose 3*s - 2*a - 76 - 262 = 0, -3*a = s - l. Calculate the highest common divisor of s and 44.
22
Suppose 0 = -415*s + 429*s - 12096. Calculate the highest common divisor of 27 and s.
27
Let v = 891 + -822. Suppose 4*z - 4*x = -z, 5*x = 4*z + 9. Suppose v - 409 = -z*d. What is the greatest common factor of d and 17?
17
Let g(z) = -25*z - 349. Let y be g(-14). Let s be (y + -2)*-31*22/2. What is the greatest common divisor of 11 and s?
11
Suppose -6 = 7*z - 48. Suppose -2*s = -3*n + 200 - 26, -4*s = 2*n - 116. Let m = n - 34. What is the greatest common divisor of z and m?
6
Let i = -21023 + 21081. Calculate the greatest common factor of i and 754.
58
Let z be 0 + 1 - -6 - (3 + -3). Suppose 273 = -z*u + 20*u. Suppose -4*y = -29 + u. Calculate the greatest common factor of y and 9.
1
Suppose -8*g = -8*g - 21*g + 1323. Suppose -2*c = c - 2*d - 19, -2 = -c + 5*